{"id":1440,"date":"2023-06-13T13:41:36","date_gmt":"2023-06-13T13:41:36","guid":{"rendered":"https:\/\/novarchi.info\/?page_id=1440"},"modified":"2023-09-01T15:53:41","modified_gmt":"2023-09-01T15:53:41","slug":"maison-individuelle-champs-sur-marne","status":"publish","type":"page","link":"https:\/\/novarchi.info\/index.php\/realisations\/habitations\/maison-individuelle-champs-sur-marne\/","title":{"rendered":"MAISON INDIVIDUELLE CHAMPS SUR MARNE"},"content":{"rendered":"\t\t<div data-elementor-type=\"wp-page\" data-elementor-id=\"1440\" class=\"elementor elementor-1440\" data-elementor-post-type=\"page\">\n\t\t\t\t\t\t\t\t\t<section class=\"jet-tricks-particles-section elementor-section elementor-top-section elementor-element elementor-element-125e9c8f elementor-section-full_width elementor-section-height-full elementor-section-height-default elementor-section-items-middle\" data-id=\"125e9c8f\" data-element_type=\"section\">\n\t\t\t\t\t\t<div class=\"elementor-container elementor-column-gap-default\">\n\t\t\t\t\t<div class=\"elementor-column elementor-col-100 elementor-top-column elementor-element elementor-element-33fa400b\" data-id=\"33fa400b\" data-element_type=\"column\">\n\t\t\t<div class=\"elementor-widget-wrap elementor-element-populated\">\n\t\t\t\t\t\t\t\t<div class=\"elementor-element elementor-element-7889daeb elementor-widget elementor-widget-spacer\" data-id=\"7889daeb\" data-element_type=\"widget\" data-widget_type=\"spacer.default\">\n\t\t\t\t<div class=\"elementor-widget-container\">\n\t\t\t<style>\/*! elementor - v3.14.0 - 18-06-2023 *\/\n.elementor-column .elementor-spacer-inner{height:var(--spacer-size)}.e-con{--container-widget-width:100%}.e-con-inner>.elementor-widget-spacer,.e-con>.elementor-widget-spacer{width:var(--container-widget-width,var(--spacer-size));--align-self:var(--container-widget-align-self,initial);--flex-shrink:0}.e-con-inner>.elementor-widget-spacer>.elementor-widget-container,.e-con-inner>.elementor-widget-spacer>.elementor-widget-container>.elementor-spacer,.e-con>.elementor-widget-spacer>.elementor-widget-container,.e-con>.elementor-widget-spacer>.elementor-widget-container>.elementor-spacer{height:100%}.e-con-inner>.elementor-widget-spacer>.elementor-widget-container>.elementor-spacer>.elementor-spacer-inner,.e-con>.elementor-widget-spacer>.elementor-widget-container>.elementor-spacer>.elementor-spacer-inner{height:var(--container-widget-height,var(--spacer-size))}<\/style>\t\t<div class=\"elementor-spacer\">\n\t\t\t<div class=\"elementor-spacer-inner\"><\/div>\n\t\t<\/div>\n\t\t\t\t<\/div>\n\t\t\t\t<\/div>\n\t\t\t\t<div class=\"elementor-element elementor-element-1115145b elementor-widget elementor-widget-heading\" data-id=\"1115145b\" data-element_type=\"widget\" data-widget_type=\"heading.default\">\n\t\t\t\t<div class=\"elementor-widget-container\">\n\t\t\t<style>\/*! elementor - v3.14.0 - 18-06-2023 *\/\n.elementor-heading-title{padding:0;margin:0;line-height:1}.elementor-widget-heading .elementor-heading-title[class*=elementor-size-]>a{color:inherit;font-size:inherit;line-height:inherit}.elementor-widget-heading .elementor-heading-title.elementor-size-small{font-size:15px}.elementor-widget-heading .elementor-heading-title.elementor-size-medium{font-size:19px}.elementor-widget-heading .elementor-heading-title.elementor-size-large{font-size:29px}.elementor-widget-heading .elementor-heading-title.elementor-size-xl{font-size:39px}.elementor-widget-heading .elementor-heading-title.elementor-size-xxl{font-size:59px}<\/style><h1 class=\"elementor-heading-title elementor-size-default\">MAISON MODERNE A CHAMPS-SUR-MARNE<\/h1>\t\t<\/div>\n\t\t\t\t<\/div>\n\t\t\t\t<div class=\"elementor-element elementor-element-3e66f15e elementor-widget elementor-widget-spacer\" data-id=\"3e66f15e\" data-element_type=\"widget\" data-widget_type=\"spacer.default\">\n\t\t\t\t<div class=\"elementor-widget-container\">\n\t\t\t\t\t<div class=\"elementor-spacer\">\n\t\t\t<div class=\"elementor-spacer-inner\"><\/div>\n\t\t<\/div>\n\t\t\t\t<\/div>\n\t\t\t\t<\/div>\n\t\t\t\t<section class=\"elementor-section elementor-inner-section elementor-element elementor-element-7ec78bbd elementor-section-boxed elementor-section-height-default elementor-section-height-default\" data-id=\"7ec78bbd\" data-element_type=\"section\">\n\t\t\t\t\t\t<div class=\"elementor-container elementor-column-gap-default\">\n\t\t\t\t\t<div class=\"elementor-column elementor-col-50 elementor-inner-column elementor-element elementor-element-ad955da\" data-id=\"ad955da\" data-element_type=\"column\">\n\t\t\t<div class=\"elementor-widget-wrap elementor-element-populated\">\n\t\t\t\t\t\t\t\t<div class=\"elementor-element elementor-element-479dadd elementor-widget elementor-widget-Wpvr-widget\" data-id=\"479dadd\" data-element_type=\"widget\" data-widget_type=\"Wpvr-widget.default\">\n\t\t\t\t<div class=\"elementor-widget-container\">\n\t\t\t<style>#pano1432 div.pnlm-orientation-button {\n                    display: none;\n                }\n            .wpvr-floor-map .floor-plan-pointer.add-pulse:before {\n                border: 17px solid #cca92c;\n            }\n            @-webkit-keyframes pulse {\n                0% {\n                    -webkit-box-shadow: 0 0 0 0 rgba(204, 169, 44, 0.7);\n                }\n                70% {\n                    -webkit-box-shadow: 0 0 0 10px rgba(204, 169, 44, 0);\n                }\n                100% {\n                    -webkit-box-shadow: 0 0 0 0 rgba(204, 169, 44, 0);\n                }\n            }\n            @keyframes pulse {\n            0% {\n                -moz-box-shadow: 0 0 0 0 rgba(204, 169, 44, 0.7);\n                box-shadow: 0 0 0 0 rgba(204, 169, 44, 0.7);\n            }\n            70% {\n                -moz-box-shadow: 0 0 0 10px rgba(204, 169, 44, 0);\n                box-shadow: 0 0 0 10px rgba(204, 169, 44, 0);\n            }\n            100% {\n                -moz-box-shadow: 0 0 0 0 rgba(204, 169, 44, 0);\n                box-shadow: 0 0 0 0 rgba(204, 169, 44, 0);\n            }\n        }<\/style><div id=\"master-container\" class=\"wpvr-cardboard \" style=\"max-width:600px; width: 100%; height: 400px; border-radius:0px; direction:ltr; \"><div id=\"pano21432\" class=\"pano-wrap pano-left\" style=\"width: 49%; border-radius:0px\"><div id=\"center-pointer21432\" class=\"vr-pointer-container\"><span class=\"center-pointer\"><\/span><\/div><\/div><div id=\"pano1432\" class=\"pano-wrap pano-right\" style=\"width: 100%; border-radius:0px;\"><div class=\"explainer\" id=\"explainer1432\" style=\"display: none\"><span class=\"close-explainer-video\"><i class=\"fa fa-times\"><\/i><\/span><\/div><div class=\"wpvr-floor-map\" id=\"wpvr-floor-map1432\" style=\"display: none\"><span class=\"close-floor-map-plan\"><i class=\"fa fa-times\"><\/i><\/span><img decoding=\"async\" src=\"\"><\/div><div class=\"wpvr-hotspot-tweak-contents-wrapper\" style=\"display: none\"><i class=\"fa fa-times cross\" data-id=\"1432\"><\/i><div class=\"wpvr-hotspot-tweak-contents-flex\"><div class=\"wpvr-hotspot-tweak-contents\"><\/div><\/div><\/div><div class=\"custom-ifram-wrapper\" style=\"display: none;\"><i class=\"fa fa-times cross\" data-id=\"1432\"><\/i><div class=\"custom-ifram-flex\"><div class=\"custom-ifram\"><\/div><\/div><\/div><\/div><\/div><script>jQuery(document).ready(function() {var response = [{\"panoid\":\"pano1432\"},{\"autoLoad\":true,\"showControls\":true,\"orientationSupport\":\"false\",\"compass\":false,\"orientationOnByDefault\":false,\"mouseZoom\":true,\"draggable\":true,\"disableKeyboardCtrl\":false,\"keyboardZoom\":true,\"preview\":\"\",\"default\":{\"firstScene\":\"SEJOUR\",\"sceneFadeDuration\":\"\"},\"scenes\":{\"SEJOUR\":{\"type\":\"equirectangular\",\"panorama\":\"https:\\\/\\\/novarchi.info\\\/wp-content\\\/uploads\\\/2023\\\/06\\\/Z_3-Sejour-Salle-a-manger-scaled.jpg\",\"pitch\":null,\"yaw\":null,\"hfov\":100,\"maxHfov\":120,\"minHfov\":50,\"vaov\":180,\"haov\":360,\"hotSpots\":[]}}}];var scenes = response[1];if(scenes) {var scenedata = scenes.scenes;for(var i in scenedata) {var scenehotspot = scenedata[i].hotSpots;for(var i = 0; i < scenehotspot.length; i++) {if(scenehotspot[i][\"clickHandlerArgs\"] != \"\") {scenehotspot[i][\"clickHandlerFunc\"] = wpvrhotspot;}if(scenehotspot[i][\"createTooltipArgs\"] != \"\") {scenehotspot[i][\"createTooltipFunc\"] = wpvrtooltip;}}}}var panoshow1432 = pannellum.viewer(response[0][\"panoid\"], scenes);var response_duplicate = [{\"panoid\":\"pano1432\"},{\"autoLoad\":true,\"showControls\":true,\"orientationSupport\":\"false\",\"compass\":false,\"orientationOnByDefault\":false,\"mouseZoom\":true,\"draggable\":true,\"disableKeyboardCtrl\":false,\"keyboardZoom\":true,\"preview\":\"\",\"default\":{\"firstScene\":\"SEJOUR\",\"sceneFadeDuration\":\"\"},\"scenes\":{\"SEJOUR\":{\"type\":\"equirectangular\",\"panorama\":\"https:\\\/\\\/novarchi.info\\\/wp-content\\\/uploads\\\/2023\\\/06\\\/Z_3-Sejour-Salle-a-manger-scaled.jpg\",\"pitch\":null,\"yaw\":null,\"hfov\":100,\"maxHfov\":120,\"minHfov\":50,\"vaov\":180,\"haov\":360,\"hotSpots\":[]}},\"autoRotate\":false}];var scenes_duplicate = response_duplicate[1];if(scenes_duplicate) {var scenedata = scenes_duplicate.scenes;for(var i in scenedata) {var scenehotspot = scenedata[i].hotSpots;for(var i = 0; i < scenehotspot.length; i++) {if(scenehotspot[i][\"clickHandlerArgs\"] != \"\") {scenehotspot[i][\"clickHandlerFunc\"] = wpvrhotspot;}if(scenehotspot[i][\"createTooltipArgs\"] != \"\") {scenehotspot[i][\"createTooltipFunc\"] = wpvrtooltip;}}}}jQuery(\".wpvr-floor-map .floor-plan-pointer\").on(\"click\",function(){\n           var scene_id = jQuery(this).attr(\"scene_id\");\n           panoshow1432.loadScene(scene_id)\n           jQuery(\".floor-plan-pointer\").removeClass(\"add-pulse\")\n           jQuery(this).addClass(\"add-pulse\")\n           \n        });\n        const node = document.querySelector(\".add-pulse\");\n        panoshow1432.on(\"compasschange\", function (data){\n            console.log(data);\n            \/\/ const node = document.querySelector(\".add-pulse\");\n            \/\/ node.style.transform = data;\n            \/\/ jQuery(\".add-pulse\").css({\"transform\":data});\n    \n            });\n        panoshow1432.on(\"load\", function (){\n            if(localStorage.getItem(\"vr_mode\") == \"off\") {\n                  jQuery(\".vr-mode-title\").hide();\n                }\n             else {\n                jQuery(\"#pano21432 .pnlm-compass.pnlm-controls.pnlm-control\").css(\"display\",\"none\");\n                jQuery(\"#pano1432 .pnlm-compass.pnlm-controls.pnlm-control\").css(\"display\",\"none\");\n                jQuery(\"#pano21432 .pnlm-panorama-info\").hide();\n                jQuery(\"#pano1432 .pnlm-panorama-info\").hide();\n                jQuery(\".vr-mode-title\").show();\n             }\n            setTimeout(() => {\n                window.dispatchEvent(new Event(\"resize\"));\n            }, 200);\n\t\t\t\t\t\tif (jQuery(\"#pano1432\").children().children(\".pnlm-panorama-info:visible\").length > 0) {\n\t               jQuery(\"#controls1432\").css(\"bottom\", \"55px\");\n\t           }\n\t           else {\n\t             jQuery(\"#controls1432\").css(\"bottom\", \"5px\");\n\t           }\n\t\t\t\t\t});panoshow1432.on(\"render\", function (){\n              window.dispatchEvent(new Event(\"resize\"));\n            });\n\t\t\t\t\tif (scenes.autoRotate) {\n\t\t\t\t\t\tpanoshow1432.on(\"load\", function (){\n\t\t\t\t\t\t setTimeout(function(){ panoshow1432.startAutoRotate(scenes.autoRotate, 0); }, 3000);\n\t\t\t\t\t\t});\n\t\t\t\t\t\tpanoshow1432.on(\"scenechange\", function (){\n\t\t\t\t\t\t setTimeout(function(){ panoshow1432.startAutoRotate(scenes.autoRotate, 0); }, 3000);\n\t\t\t\t\t\t});\n\t\t\t\t\t}\n\t\t\t\t\tvar touchtime = 0;\n            jQuery(document).on(\"click\",\"#explainer_button_1432\",function() {\n                jQuery(\"#explainer1432\").slideToggle();\n            });\n    \n            jQuery(document).on(\"click\",\".close-explainer-video\",function() {\n                jQuery(this).parent(\".explainer\").hide();\n                var el_src = jQuery(\".vr-iframe\").attr(\"src\");\n                jQuery(\".vr-iframe\").attr(\"src\", el_src);\n              });\n    \n            \n            jQuery(document).on(\"click\",\"#floor_map_button_1432\",function() {\n                jQuery(\"#wpvr-floor-map1432\").toggle().removeClass(\"fullwindow\");\n              });\n        \n              jQuery(document).on(\"dblclick\",\"#wpvr-floor-map1432\",function(){\n                jQuery(this).addClass(\"fullwindow\");\n                jQuery(this).parents(\".pano-wrap\").addClass(\"show-modal\");\n              });\n              \n              jQuery(document).on(\"click\",\".close-floor-map-plan\",function() {\n                jQuery(this).parent(\".wpvr-floor-map\").hide();\n                jQuery(this).parent(\".wpvr-floor-map\").removeClass(\"fullwindow\");\n                jQuery(this).parents(\".pano-wrap\").removeClass(\"show-modal\");\n              });\n        \n            \n\t\t          jQuery(document).ready(function($){\n\t\t              jQuery(\"#sccontrols1432\").hide();\n                      jQuery(\".wpvr_slider_nav\").hide();\n\t\t              jQuery(\".vrgctrl1432\").html('<i class=\"fa fa-angle-up\"><\/i>');\n\t\t          });\n\t\t          \n\t\t          var slide1432 = \"down\";\n\t\t          jQuery(document).on(\"click\",\"#vrgcontrols1432\",function() {\n\n\t\t            if (slide1432 == \"up\") {\n\t\t              jQuery(\".vrgctrl1432\").empty();\n\t\t              jQuery(\".vrgctrl1432\").html('<i class=\"fa fa-angle-up\"><\/i>');\n\t\t              slide1432 = \"down\";\n\t\t            }\n\t\t            else {\n\t\t              jQuery(\".vrgctrl1432\").empty();\n\t\t              jQuery(\".vrgctrl1432\").html('<i class=\"fa fa-angle-down\"><\/i>');\n\t\t              slide1432 = \"up\";\n\t\t            }\n                    jQuery(\".wpvr_slider_nav\").slideToggle(); \n\t\t            jQuery(\"#sccontrols1432\").slideToggle();\n\t\t          });\n\t\t          \n            jQuery(\".elementor-tab-title\").click(function(){\n                      var element_id;\n                      var pano_id;\n                      var element_id = this.id;\n                      element_id = element_id.split(\"-\");\n                      element_id = element_id[3];\n                      jQuery(\"#elementor-tab-content-\"+element_id).find(\"#master-container\").children(\"div\").eq(1).addClass(\"awwww\");\n                      var pano_id = jQuery(\".awwww\").attr(\"id\");\n                      jQuery(\"#elementor-tab-content-\"+element_id).find(\"#master-container\").children(\"div\").eq(1).removeClass(\"awwww\");;\n                      if (pano_id != undefined) {\n                        pano_id = pano_id.split(\"o\");\n                        pano_id = pano_id[1];\n                        if (pano_id == \"1432\") {\n                          jQuery(\"#pano1432\").children(\".pnlm-render-container\").remove();\n                          jQuery(\"#pano1432\").children(\".pnlm-ui\").remove();\n                          panoshow1432 = pannellum.viewer(response[0][\"panoid\"], scenes);\n                          jQuery(\"#pano1432\").children(\".pnlm-ui\").find(\".pnlm-load-button p\").text(\"Click To Load Panorama\")\n                          setTimeout(function() {\n                                \/\/   panoshow1432.loadScene(\"SEJOUR\");\n                                  window.dispatchEvent(new Event(\"resize\"));\n                                  if (jQuery(\"#pano1432\").children().children(\".pnlm-panorama-info:visible\").length > 0) {\n                                       jQuery(\"#controls1432\").css(\"bottom\", \"55px\");\n                                   }\n                                   else {\n                                     jQuery(\"#controls1432\").css(\"bottom\", \"5px\");\n                                   }\n                                   \n                          }, 200);\n                        }\n                      }\n            });\n        \n            jQuery(\".geodir-tab-head dd, #vr-tour-tab\").click(function(){\n              jQuery(\"#pano1432\").children(\".pnlm-render-container\").remove();\n              jQuery(\"#pano1432\").children(\".pnlm-ui\").remove();\n              panoshow1432 = pannellum.viewer(response[0][\"panoid\"], scenes);\n              setTimeout(function() {\n                      panoshow1432.loadScene(\"SEJOUR\");\n                      window.dispatchEvent(new Event(\"resize\"));\n                      if (jQuery(\"#pano1432\").children().children(\".pnlm-panorama-info:visible\").length > 0) {\n                           jQuery(\"#controls1432\").css(\"bottom\", \"55px\");\n                       }\n                       else {\n                         jQuery(\"#controls1432\").css(\"bottom\", \"5px\");\n                       }\n              }, 200);\n            });\n        \n            jQuery(\"#pano1432\").children(\".pnlm-ui\").find(\".pnlm-load-button p\").text(\"Click To Load Panorama\")\n            });<\/script>\t\t<\/div>\n\t\t\t\t<\/div>\n\t\t\t\t\t<\/div>\n\t\t<\/div>\n\t\t\t\t<div class=\"elementor-column elementor-col-50 elementor-inner-column elementor-element elementor-element-7e191ca6\" data-id=\"7e191ca6\" data-element_type=\"column\">\n\t\t\t<div class=\"elementor-widget-wrap elementor-element-populated\">\n\t\t\t\t\t\t\t\t<div class=\"elementor-element elementor-element-14fcd6ba elementor-widget elementor-widget-text-editor\" data-id=\"14fcd6ba\" data-element_type=\"widget\" data-widget_type=\"text-editor.default\">\n\t\t\t\t<div class=\"elementor-widget-container\">\n\t\t\t<style>\/*! elementor - v3.14.0 - 18-06-2023 *\/\n.elementor-widget-text-editor.elementor-drop-cap-view-stacked .elementor-drop-cap{background-color:#69727d;color:#fff}.elementor-widget-text-editor.elementor-drop-cap-view-framed .elementor-drop-cap{color:#69727d;border:3px solid;background-color:transparent}.elementor-widget-text-editor:not(.elementor-drop-cap-view-default) .elementor-drop-cap{margin-top:8px}.elementor-widget-text-editor:not(.elementor-drop-cap-view-default) .elementor-drop-cap-letter{width:1em;height:1em}.elementor-widget-text-editor .elementor-drop-cap{float:left;text-align:center;line-height:1;font-size:50px}.elementor-widget-text-editor .elementor-drop-cap-letter{display:inline-block}<\/style>\t\t\t\t<p><b>Programme : <\/b>Maison individuelle<\/p><p><strong>Mission :<\/strong> Ma\u00eetrise d&#8217;oeuvre partielle (Conception, permis de construire, \u00e9tudes techniques et d\u00e9coration d&#8217;int\u00e9rieures)<\/p><p><strong>Ville<\/strong>\u00a0<strong>:<\/strong> Champs-sur-Marne (77)<\/p><p><strong>Surface de Plancher :<\/strong> 390 m\u00b2<\/p><p><strong>Budget travaux :<\/strong> 700 000,00 \u20ac<\/p><p><strong>Statut<\/strong> <strong>:<\/strong> Permis de construire en cours d&#8217;instruction, \u00e9tudes techniques en cours<\/p>\t\t\t\t\t\t<\/div>\n\t\t\t\t<\/div>\n\t\t\t\t\t<\/div>\n\t\t<\/div>\n\t\t\t\t\t\t\t<\/div>\n\t\t<\/section>\n\t\t\t\t<div class=\"elementor-element elementor-element-6b2a49b7 elementor-widget elementor-widget-spacer\" data-id=\"6b2a49b7\" data-element_type=\"widget\" data-widget_type=\"spacer.default\">\n\t\t\t\t<div class=\"elementor-widget-container\">\n\t\t\t\t\t<div class=\"elementor-spacer\">\n\t\t\t<div class=\"elementor-spacer-inner\"><\/div>\n\t\t<\/div>\n\t\t\t\t<\/div>\n\t\t\t\t<\/div>\n\t\t\t\t<div class=\"elementor-element elementor-element-49401537 elementor-widget elementor-widget-spacer\" data-id=\"49401537\" data-element_type=\"widget\" data-widget_type=\"spacer.default\">\n\t\t\t\t<div class=\"elementor-widget-container\">\n\t\t\t\t\t<div class=\"elementor-spacer\">\n\t\t\t<div class=\"elementor-spacer-inner\"><\/div>\n\t\t<\/div>\n\t\t\t\t<\/div>\n\t\t\t\t<\/div>\n\t\t\t\t\t<\/div>\n\t\t<\/div>\n\t\t\t\t\t\t\t<\/div>\n\t\t<\/section>\n\t\t\t\t\t\t\t<\/div>\n\t\t","protected":false},"excerpt":{"rendered":"<p>MAISON MODERNE A CHAMPS-SUR-MARNE Programme : Maison individuelle Mission : Ma\u00eetrise d&#8217;oeuvre partielle (Conception, permis de construire, \u00e9tudes techniques et d\u00e9coration d&#8217;int\u00e9rieures) Ville\u00a0: Champs-sur-Marne (77) Surface de Plancher : 390 m\u00b2 Budget travaux : 700 000,00 \u20ac Statut : Permis de construire en cours d&#8217;instruction, \u00e9tudes techniques en cours<\/p>\n","protected":false},"author":1,"featured_media":1439,"parent":653,"menu_order":0,"comment_status":"closed","ping_status":"closed","template":"","meta":{"footnotes":""},"class_list":["post-1440","page","type-page","status-publish","has-post-thumbnail","hentry"],"_links":{"self":[{"href":"https:\/\/novarchi.info\/index.php\/wp-json\/wp\/v2\/pages\/1440","targetHints":{"allow":["GET"]}}],"collection":[{"href":"https:\/\/novarchi.info\/index.php\/wp-json\/wp\/v2\/pages"}],"about":[{"href":"https:\/\/novarchi.info\/index.php\/wp-json\/wp\/v2\/types\/page"}],"author":[{"embeddable":true,"href":"https:\/\/novarchi.info\/index.php\/wp-json\/wp\/v2\/users\/1"}],"replies":[{"embeddable":true,"href":"https:\/\/novarchi.info\/index.php\/wp-json\/wp\/v2\/comments?post=1440"}],"version-history":[{"count":7,"href":"https:\/\/novarchi.info\/index.php\/wp-json\/wp\/v2\/pages\/1440\/revisions"}],"predecessor-version":[{"id":1514,"href":"https:\/\/novarchi.info\/index.php\/wp-json\/wp\/v2\/pages\/1440\/revisions\/1514"}],"up":[{"embeddable":true,"href":"https:\/\/novarchi.info\/index.php\/wp-json\/wp\/v2\/pages\/653"}],"wp:featuredmedia":[{"embeddable":true,"href":"https:\/\/novarchi.info\/index.php\/wp-json\/wp\/v2\/media\/1439"}],"wp:attachment":[{"href":"https:\/\/novarchi.info\/index.php\/wp-json\/wp\/v2\/media?parent=1440"}],"curies":[{"name":"wp","href":"https:\/\/api.w.org\/{rel}","templated":true}]}}